 + 85*l - 141. Calculate the remainder when u(-8) is divided by 39.
5
Let x(j) = -2*j**3 + 96*j**2 - 127*j - 405. What is the remainder when x(46) is divided by 159?
150
Let f(z) = -218*z**3 + 2*z**2 - 2*z - 3. Let j be f(-1). Suppose -j = -5*o + 5*q + 206, 20 = 4*q. What is the remainder when o is divided by 15?
0
Suppose 332 - 342 = -2*d. Let m(f) = 3*f - 11. Calculate the remainder when d is divided by m(4).
0
What is the remainder when 1182/1 + 12/(-3) is divided by 3?
2
Let q be (-3)/3*(-4 + 56/7). Calculate the remainder when (-6)/q*(-21032)/(-132) is divided by 61.
56
Suppose -8*k + 6*k = -12. Suppose 0 = -k*z + 21 - 3. What is the remainder when 46 is divided by (9 - -1)*(z + 15/(-25))?
22
What is the remainder when 213 is divided by (-4)/16*(-1096)/3 - 146/(-219)?
29
Suppose -4*w + 1083 = 2*w + 393. Calculate the remainder when 1716 is divided by w.
106
Suppose -4*m - 5*x = -582, -m - x + 73 = -72. What is the remainder when m is divided by -5*(-24)/15*2?
15
Suppose 0 = z + 2*z + 3*s - 825, -2*z = -5*s - 529. Let o(h) = 10*h**2 + 25. Calculate the remainder when z is divided by o(0).
22
Let s = -49 - 2. Let q = 60 + s. Let n = q + -4. What is the remainder when 6 is divided by n?
1
Let a be 9/21 + 40/(-28) + 1. Suppose a = -c - 23 + 89. Let m = c - 37. What is the remainder when m is divided by 12?
5
Let x(u) = 3*u**2 + 33*u - 111. What is the remainder when 5352 is divided by x(3)?
12
Suppose 2*r - 3*r = -11. Let j = -2590 - -2678. Calculate the remainder when j is divided by (-9)/(-9) - (-1 - r).
10
Suppose -2*m + 2*f - 8 = 0, 5*m + 7*f = 4*f - 20. What is the remainder when (2403/54)/((-10)/m - 2) is divided by 32?
25
Calculate the remainder when 7019 is divided by 27*((530/(-45) - -3) + 9).
5
Let t(g) be the second derivative of g**4/12 + 5*g**3/3 + 37*g**2 - 2*g + 36. What is the remainder when t(-8) is divided by 21?
16
Suppose 3*d = 14*d - 10989. Let u = d + -784. What is the remainder when u is divided by 7?
5
Suppose 18 = 2*y - 66. Suppose 9*f = 12*f - y. What is the remainder when f is divided by 5?
4
Suppose 24*z + z = -4800. Let c = -185 - z. What is the remainder when 66 is divided by c?
3
Let p = 175 - 164. Suppose 1151 = p*c - 356. What is the remainder when c is divided by 10?
7
Let q(p) = 2*p + 52*p**2 - 12*p**2 + 46*p**2 + 792 - 793. Let t(y) = y**2 + 7*y + 4. What is the remainder when q(1) is divided by t(-9)?
21
Let b(t) be the third derivative of 14 + 7/6*t**3 - t**2 + 1/15*t**5 + 0*t + 1/4*t**4. What is the remainder when b(-3) is divided by 2?
1
Calculate the remainder when ((-76)/22)/(179/(-1969)) is divided by 10.
8
Suppose 2*g - 53 = 89. Let b be 4/22 + (-756)/(-77). Suppose b*d - 173 = -53. Calculate the remainder when g is divided by d.
11
Let q = -109 - -141. Suppose -q = 11*o - 54. Suppose 5*g - 5 = -0. What is the remainder when o is divided by g?
0
Suppose -4*y + 2*p - 327 = -1071, p = 2. Let v = 20556 - 20507. What is the remainder when y is divided by v?
40
Suppose 0 = -4*a + 3*s + 8376, -4*s = -50*a + 54*a - 8404. What is the remainder when a is divided by 50?
47
Suppose 3*y = 3*k + 15, -7*y + 4*y + 7 = k. What is the remainder when (-236)/y*108/(-24) is divided by 51?
48
Let i(d) = 2*d**3 + 13*d**2 - 22*d - 144. Calculate the remainder when 9453 is divided by i(-4).
21
Let d(f) = -f - 9. Let y be d(-9). Suppose 2*k + 2*k = 5*l + 39, y = 4*k + l - 21. Suppose 5 - 173 = -k*q. What is the remainder when q is divided by 14?
0
Let r = -6777 + 7520. Calculate the remainder when r is divided by 186.
185
Let u = 658 + -655. Suppose 8*i + 2 = 9*i - 4*x, 5*i + u*x = 33. What is the remainder when 16 is divided by i?
4
Let h(v) be the first derivative of -v**4/4 + v**3/3 - 5*v**2/2 + 6*v - 67. Calculate the remainder when h(0) is divided by 2.
0
Let f = -488 - -497. Calculate the remainder when 273/14*30/f is divided by 14.
9
Suppose -5*k = 5*o - 2210, 0 = 3*k - 5*o + 342 - 1652. Let m = -349 + k. What is the remainder when m is divided by 15?
1
Let n(p) = 4*p**2 + 2. Suppose 2*w + 6 = -h, 2*h = h + 3*w + 19. Suppose 2*u = u + 2*d + 58, 220 = 4*u - h*d. Calculate the remainder when u is divided by n(2).
16
Let m = -5279 + 8930. Suppose 0 = -27*h - 384 + m. Calculate the remainder when h is divided by 26.
17
Suppose 173*n = 228*n - 5830. Calculate the remainder when n is divided by 42.
22
Suppose 0 = u + 3*y - 1195, -32*u + 34*u - 2*y = 2382. What is the remainder when u is divided by 133?
128
Let p(k) = k**2 - 25*k - 66. Let l(n) = 2 - 5*n + 4*n + 0*n + 2*n. Let b(u) = -4*l(u) - p(u). Calculate the remainder when 107 is divided by b(22).
35
What is the remainder when 3476 is divided by (-208)/143*10846/(-68)?
228
Let h(g) = -g**3 + g**2 + 2*g - 8. Let t be h(0). Let a = -6 - t. Suppose a*x - 2*u = -u + 23, -9 = -x - 2*u. Calculate the remainder when 20 is divided by x.
9
Suppose -2*y = -5*g - 374, 198 + 550 = 4*y - g. Suppose -2*t - 53 = -147. What is the remainder when y is divided by t?
46
What is the remainder when 149 is divided by (-1 - 3885/(-49))*1/(-4)*-7?
12
Let q = -574 + 589. Suppose -3*h + 60 + 0 = 0. Suppose -24*t + 100 = -h*t. Calculate the remainder when t is divided by q.
10
Suppose 647 = 3*g - 5*q, -1 = 2*q + 1. Let n = g - 137. Let v(i) = 14*i**2 - 82*i + 14. Calculate the remainder when n is divided by v(6).
25
Suppose -u + 2*f + 105 = 0, 753 = 4*u + 5*f + 294. Suppose -2*b = -b - u. Calculate the remainder when b is divided by 28.
27
Let l(h) = -h**3 - 4*h**2 + 16*h + 967. Calculate the remainder when l(0) is divided by 19.
17
Let m(w) = -27*w + 2103. What is the remainder when 284 is divided by m(73)?
20
Let a be (3/(6/8))/((-308)/(-1155)). Let p(i) = i**2 - 8*i - 56. What is the remainder when p(a) is divided by 13?
10
Let n be (-19)/((-15)/(-6) - 2). Let k = 71 + n. Let x = -2514 + 2643. What is the remainder when x is divided by k?
30
Let b(h) = -8*h - 56. Let r be b(-7). Suppose z = -5*m + 200, r = -4*z + 7*z + 15. What is the remainder when 196 is divided by m?
32
Suppose 82*i - 101*i + 2299 = 0. What is the remainder when i is divided by 78?
43
Suppose 0 = -9*s + 22*s + 232 - 869. Suppose 3*k + 2*t = -1, 4*t + 1 = -2*k - 5. Let n(c) = 17*c**2 - c + 1. What is the remainder when s is divided by n(k)?
15
Let g(n) = -199*n - 8080. What is the remainder when 123 is divided by g(-41)?
44
Let f be 8 + (-10 - -4) + 4. Let o(u) = -u**3 + 5*u**2 + 7*u + 4. Suppose 13*q + 6 = 97. Calculate the remainder when o(f) is divided by q.
3
Let d = -3296 + 3308. Calculate the remainder when (-2 - -3)*29 + 0 is divided by d.
5
Suppose 2*a - 3*l - 1789 = -0*a, 1795 = 2*a + 3*l. Suppose -30*d - 2*d = -a. Calculate the remainder when 111 is divided by d.
27
Suppose 6789 = 38*m + 157 + 742. Let v = 20 + -14. What is the remainder when m is divided by v?
5
Let a = 449 - 445. Let m(v) = 5*v**3 - 14*v - 15. Calculate the remainder when m(a) is divided by 9.
6
Let p = -9994 - -16619. What is the remainder when p is divided by 19?
13
Suppose -b = 2*m + 6, -11*m + 12 = -3*b - 14*m. Calculate the remainder when b/(-15) - (54520/(-150))/4 is divided by 23.
22
Let r(g) = -g**3 + 20*g**2 - 26*g + 161. Calculate the remainder when 1926 is divided by r(19).
22
What is the remainder when 618 is divided by 37/((-38295)/(-945)) + (-3)/((-138)/4)?
0
Let h = -13648 - -16976. Calculate the remainder when h is divided by 90.
88
Let h = 3553 + -2142. Suppose -7*p = 1313 - h. Calculate the remainder when 51 is divided by p.
9
Let t(u) = u**2 - 73*u + 9. What is the remainder when t(-5) is divided by 120?
39
Let p be 12/10*(-120)/18. Let v = p + 38. Suppose -134*n + 120*n = -798. What is the remainder when n is divided by v?
27
Let r(w) = w - 3. Let u be r(8). Suppose n + 2 = 6. Suppose -70 = 2*o - n*o - 2*g, u*g = 10. What is the remainder when o is divided by 17?
16
Suppose 163*v = 2*b + 166*v - 42, -3*b = 4*v - 65. Let k be (-8)/2*(-3)/6. Calculate the remainder when 1334/10 + k/(-5) is divided by b.
25
Suppose 5*b = 5*l + 2*b - 9, 3*b = -9. Suppose l = c - y - 113, 3*c - y + 145 - 494 = 0. Calculate the remainder when c is divided by 63.
55
Let u = -2188 - -2260. Calculate the remainder when 715 is divided by u.
67
Suppose -9151 = -l + 3*h, 104*l - 107*l - 5*h = -27453. What is the remainder when l is divided by 208?
2